{"version":"1.0","provider_name":"TRIAL International","provider_url":"https:\/\/trialinternational.org\/fr\/","title":"Un ancien membre des \u00abescadrons de la mort\u00bb gambiens accus\u00e9 de torture aux Etats-Unis - TRIAL International","type":"rich","width":600,"height":338,"html":"<blockquote class=\"wp-embedded-content\" data-secret=\"YbeIsBRhKY\"><a href=\"https:\/\/trialinternational.org\/fr\/latest-post\/20246\/\">Un ancien membre des \u00abescadrons de la mort\u00bb gambiens accus\u00e9 de torture aux Etats-Unis<\/a><\/blockquote><iframe sandbox=\"allow-scripts\" security=\"restricted\" src=\"https:\/\/trialinternational.org\/fr\/latest-post\/20246\/embed\/#?secret=YbeIsBRhKY\" width=\"600\" height=\"338\" title=\"\u00ab\u00a0Un ancien membre des \u00abescadrons de la mort\u00bb gambiens accus\u00e9 de torture aux Etats-Unis\u00a0\u00bb &#8212; TRIAL International\" data-secret=\"YbeIsBRhKY\" frameborder=\"0\" marginwidth=\"0\" marginheight=\"0\" scrolling=\"no\" class=\"wp-embedded-content\"><\/iframe><script type=\"text\/javascript\">\n\/* <![CDATA[ *\/\n\/*! This file is auto-generated *\/\n!function(d,l){\"use strict\";l.querySelector&&d.addEventListener&&\"undefined\"!=typeof URL&&(d.wp=d.wp||{},d.wp.receiveEmbedMessage||(d.wp.receiveEmbedMessage=function(e){var t=e.data;if((t||t.secret||t.message||t.value)&&!\/[^a-zA-Z0-9]\/.test(t.secret)){for(var s,r,n,a=l.querySelectorAll('iframe[data-secret=\"'+t.secret+'\"]'),o=l.querySelectorAll('blockquote[data-secret=\"'+t.secret+'\"]'),c=new RegExp(\"^https?:$\",\"i\"),i=0;i<o.length;i++)o[i].style.display=\"none\";for(i=0;i<a.length;i++)s=a[i],e.source===s.contentWindow&&(s.removeAttribute(\"style\"),\"height\"===t.message?(1e3<(r=parseInt(t.value,10))?r=1e3:~~r<200&&(r=200),s.height=r):\"link\"===t.message&&(r=new URL(s.getAttribute(\"src\")),n=new URL(t.value),c.test(n.protocol))&&n.host===r.host&&l.activeElement===s&&(d.top.location.href=t.value))}},d.addEventListener(\"message\",d.wp.receiveEmbedMessage,!1),l.addEventListener(\"DOMContentLoaded\",function(){for(var e,t,s=l.querySelectorAll(\"iframe.wp-embedded-content\"),r=0;r<s.length;r++)(t=(e=s[r]).getAttribute(\"data-secret\"))||(t=Math.random().toString(36).substring(2,12),e.src+=\"#?secret=\"+t,e.setAttribute(\"data-secret\",t)),e.contentWindow.postMessage({message:\"ready\",secret:t},\"*\")},!1)))}(window,document);\n\/\/# sourceURL=https:\/\/trialinternational.org\/wp-includes\/js\/wp-embed.min.js\n\/* ]]> *\/\n<\/script>\n","thumbnail_url":"https:\/\/trialinternational.org\/wp-content\/uploads\/2020\/06\/michael-correa_banner.jpg","thumbnail_width":1800,"thumbnail_height":730,"description":"L&rsquo;inculpation aux \u00c9tats-Unis, le 11 juin 2020, d&rsquo;un ancien membre pr\u00e9sum\u00e9 des \u00ab\u00a0Junglers\u00a0\u00bb pour des actes de torture est une \u00e9tape importante pour les victimes gambiennes et la justice internationale, ont d\u00e9clar\u00e9 plusieurs organisations de d\u00e9fense des droits humains le 12 juin 2020. Selon elles, cette nouvelle est une avanc\u00e9e majeure vers la justice pour [&hellip;]"}

Un ancien membre des «escadrons de la mort» gambiens accusé de torture aux Etats-Unis - TRIAL International

<blockquote class="wp-embedded-content" data-secret="YbeIsBRhKY"><a href="https://trialinternational.org/fr/latest-post/20246/">Un ancien membre des «escadrons de la mort» gambiens accusé de torture aux Etats-Unis</a></blockquote><iframe sandbox="allow-scripts" security="restricted" src="https://trialinternational.org/fr/latest-post/20246/embed/#?secret=YbeIsBRhKY" width="600" height="338" title="« Un ancien membre des «escadrons de la mort» gambiens accusé de torture aux Etats-Unis » &#8212; TRIAL International" data-secret="YbeIsBRhKY" frameborder="0" marginwidth="0" marginheight="0" scrolling="no" class="wp-embedded-content"></iframe><script type="text/javascript">
/* <![CDATA[ */
/*! This file is auto-generated */
!function(d,l){"use strict";l.querySelector&&d.addEventListener&&"undefined"!=typeof URL&&(d.wp=d.wp||{},d.wp.receiveEmbedMessage||(d.wp.receiveEmbedMessage=function(e){var t=e.data;if((t||t.secret||t.message||t.value)&&!/[^a-zA-Z0-9]/.test(t.secret)){for(var s,r,n,a=l.querySelectorAll('iframe[data-secret="'+t.secret+'"]'),o=l.querySelectorAll('blockquote[data-secret="'+t.secret+'"]'),c=new RegExp("^https?:$","i"),i=0;i<o.length;i++)o[i].style.display="none";for(i=0;i<a.length;i++)s=a[i],e.source===s.contentWindow&&(s.removeAttribute("style"),"height"===t.message?(1e3<(r=parseInt(t.value,10))?r=1e3:~~r<200&&(r=200),s.height=r):"link"===t.message&&(r=new URL(s.getAttribute("src")),n=new URL(t.value),c.test(n.protocol))&&n.host===r.host&&l.activeElement===s&&(d.top.location.href=t.value))}},d.addEventListener("message",d.wp.receiveEmbedMessage,!1),l.addEventListener("DOMContentLoaded",function(){for(var e,t,s=l.querySelectorAll("iframe.wp-embedded-content"),r=0;r<s.length;r++)(t=(e=s[r]).getAttribute("data-secret"))||(t=Math.random().toString(36).substring(2,12),e.src+="#?secret="+t,e.setAttribute("data-secret",t)),e.contentWindow.postMessage({message:"ready",secret:t},"*")},!1)))}(window,document);
//# sourceURL=https://trialinternational.org/wp-includes/js/wp-embed.min.js
/* ]]> */
</script>

L&rsquo;inculpation aux États-Unis, le 11 juin 2020, d&rsquo;un ancien membre présumé des « Junglers » pour des actes de torture est une étape importante pour les victimes gambiennes et la justice internationale, ont déclaré plusieurs organisations de défense des droits humains le 12 juin 2020. Selon elles, cette nouvelle est une avancée majeure vers la justice pour [&hellip;]
